2564
What is -3301110 (base 7) in base 14?
-a7207
What is -1859 (base 11) in base 16?
-93b
-1030022202 (base 4) to base 8
-1141242
11113202300 (base 4) to base 2
101010111100010110000
What is 609ca (base 16) in base 5?
100130342
56956 (base 13) to base 9
260137
What is -53070 (base 9) in base 16?
-88ef
Convert -64912 (base 12) to base 3.
-20201221112
-607667 (base 9) to base 3
-200021202021
What is -22754714 (base 8) in base 12?
-17b8864
What is 3141142430 (base 5) in base 16?
647733
What is -1005622 (base 7) in base 5?
-12312144
What is -1099 (base 13) in base 5?
-33243
Convert -1e8665 (base 16) to base 7.
-23001214
Convert -111110011101111111101 (base 2) to base 13.
-568936
Convert 1010010110110100 (base 2) to base 10.
42420
Convert -622462 (base 7) to base 2.
-11010000001001010
Convert 11c91 (base 13) to base 9.
50120
Convert -1101325 (base 7) to base 16.
-20f35
-35025054 (base 9) to base 8
-100737720
bd7770 (base 14) to base 6
345540554
Convert 322506 (base 8) to base 5.
11422341
Convert -420323311 (base 5) to base 9.
-3225784
-957ad (base 16) to base 15
-c162e
What is 287ab (base 14) in base 9?
162532
-261121 (base 10) to base 2
-111111110000000001
Convert -10011111020 (base 3) to base 5.
-3443242
Convert -2142120124 (base 5) to base 16.
-46e0af
What is -12100022212012 (base 3) in base 9?
-5308765
-120220 (base 13) to base 4
-1220223223
Convert -2302130 (base 7) to base 5.
-33131400
What is -647621 (base 8) in base 14?
-59105
Convert -13590c (base 16) to base 9.
-2342306
Convert 100101100011101101 (base 2) to base 5.
14410322
What is -838497 (base 16) in base 13?
-1a2a1c3
Convert -20150205 (base 6) to base 3.
-1002011122212
Convert 421121 (base 6) to base 4.
20102221
Convert -5642712 (base 8) to base 7.
-15651426
What is -539a0 (base 13) in base 15?
-2eb4c
What is -11200202000120 (base 3) in base 2?
-1001100001000010111101
10037 (base 14) to base 11
26999
-4536537 (base 9) to base 15
-3348da
Convert -cd5601 (base 15) to base 14.
-142b519
-10775641 (base 8) to base 2
-1000111111101110100001
Convert 2303122031 (base 4) to base 13.
1c963a
What is 33b76 (base 12) in base 11?
47988
577560 (base 8) to base 6
4113320
56a6388 (base 11) to base 9
20688510
Convert 10360504 (base 7) to base 3.
1200010221211
-1122462 (base 11) to base 7
-22463115
What is -2930cd (base 16) in base 11?
-1584173
Convert -1331130103 (base 4) to base 15.
-a2391
2037662 (base 11) to base 6
205033300
Convert 35034412 (base 6) to base 11.
676a03
Convert -2b7b56 (base 14) to base 12.
-613528
What is -4244375 (base 9) in base 16?
-22b035
What is 2c351e (base 15) in base 8?
10116671
Convert -11401120 (base 5) to base 14.
-2aaca
Convert a15705 (base 15) to base 4.
131032303232
-653b7b (base 13) to base 7
-26136124
-132025104 (base 7) to base 16
-815a72
-101010111100010011 (base 2) to base 8
-527423
-3040405 (base 6) to base 13
-511a0
-110000011000011101 (base 2) to base 8
-603035
Convert -d5289 (base 15) to base 4.
-2210323323
Convert -1063566 (base 8) to base 15.
-5a7c0
-10011010101011111101 (base 2) to base 8
-2325375
Convert -2a48230 (base 11) to base 16.
-4fb2cf
-1264a10 (base 11) to base 10
-2188054
Convert 366243 (base 7) to base 10.
67014
-137041 (base 10) to base 2
-100001011101010001
-1471791 (base 10) to base 16
-16752f
Convert -1400000021 (base 5) to base 9.
-6547482
Convert -103420342 (base 5) to base 4.
-1232030103
Convert 106444234 (base 7) to base 4.
120332320132
Convert 4805231 (base 9) to base 14.
4ba367
What is -324081 (base 9) in base 8?
-571352
Convert 350445 (base 6) to base 15.
8d3b
Convert -144333410 (base 5) to base 14.
-163415
Convert 10110101111100010 (base 2) to base 3.
11201210011
Convert -3434857 (base 9) to base 10.
-1853818
144412 (base 9) to base 2
10101100111100000
Convert 3a61bc (base 16) to base 3.
21012101102201
267770 (base 8) to base 14
26488
Convert 689c (base 13) to base 12.
859b
Convert -1029d (base 16) to base 13.
-24199
-179318 (base 10) to base 11
-1127a7
-37b9a (base 13) to base 12
-4b774
Convert 14c46 (base 16) to base 14.
22ddc
Convert -41048 (base 10) to base 8.
-120130
What is -8b535 (base 12) in base 16?
-2d539
What is -94301 (base 11) in base 14?
-38145
77839 (base 11) to base 4
123202232
1895928 (base 11) to base 10
3199512
What is -130100312 (base 4) in base 6?
-2251542
What is -60b9 (base 16) in base 7?
-132122
Convert -110c3b (base 13) to base 8.
-1421014
-216067 (base 9) to base 16
-1f846
What is -16838 (base 13) in base 9?
-65155
Convert 1284263 (base 10) to base 16.
1398a7
122108 (base 9) to base 4
101333312
Convert 8141673 (base 9) to base 15.
5aa56c
Convert 10211112020011 (base 3) to base 10.
2037721
Convert -33b504 (base 12) to base 5.
-203002221
-5b061 (base 16) to base 3
-200221102122
What is -2 (base 8) in base 12?
-2
What is -2a61558 (base 11) in base 10?
-5243477
What is 79bbc (base 14) in base 2?
1001000001111111010
What is -9a12 (base 14) in base 11?
-19048
Convert -22a27 (base 11) to base 14.
-c143
Convert -113223000201 (base 4) to base 15.
-8289d3
Convert -1110101000000000000010 (base 2) to base 3.
-21012210001202
What is -42a2891 (base 11) in base 5?
-3413332421
Convert -17641 (base 13) to base 8.
-127717
What is -1050434 (base 6) in base 14?
-155d4
Convert 2213233122 (base 4) to base 8.
2475732
Convert -15023116 (base 7) to base 10.
-1417681
430092 (base 14) to base 12
913894
-1003102 (base 10) to base 11
-625711
-11011010011011110000 (base 2) to base 13
-254315
Convert -14a656b (base 12) to base 6.
-230003415
What is 860a0 (base 11) in base 3?
20100202221
Convert 32604 (base 14) to base 6.
2340232
What is -31376 (base 11) in base 8?
-131204
Convert 18cc883 (base 13) to base 8.
37120434
-23323333012 (base 4) to base 2
-1011111011111111000110
What is 103525111 (base 6) in base 14?
3668cb
What is 40511505 (base 6) in base 15?
17dbeb
1c5004 (base 13) to base 6
23312314
Convert -12105304 (base 6) to base 5.
-44212331
-11754 (base 8) to base 6
-35340
What is 623061 (base 10) in base 5?
124414221
-13440223 (base 5) to base 15
-2b778
-27308 (base 14) to base 12
-47b10
Convert 22010022001 (base 3) to base 9.
263261
Convert -222ac32 (base 13) to base 12.
-3613359
Convert 12121032 (base 4) to base 15.
7b60
What is -71559 (base 15) in base 8?
-1275057
What is -70067 (base 10) in base 7?
-411164
71004 (base 10) to base 3
10121101210
Convert -18ef7b (base 16) to base 3.
-10002000122212
1005636 (base 8) to base 14
6c890
-b02250 (base 12) to base 16
-29d2dc
What is -160808 (base 9) in base 12?
-493bb
Convert 135330431 (base 6) to base 7.
32426125
11011003003 (base 5) to base 10
11812878
What is -11110110011101000001110 (base 2) in base 9?
-16167810
162530 (base 9) to base 15
1eac0
What is -345706 (base 10) in base 6?
-11224254
33c1dc (base 14) to base 2
110101110001011110110
Convert 353006 (base 7) to base 10.
63461
Convert -1000021010 (base 3) to base 4.
-10312203
Convert 1268709 (base 11) to base 13.
5ba254
Convert 2132243 (base 5) to base 9.
55146
100011001111111 (base 2) to base 3
220202102
Convert -10100100011010 (base 2) to base 7.
-42451
Convert 10010101100111111 (base 2) to base 16.
12b3f
Convert -1d70c (base 16) to base 10.
-120588
What is -72078 (base 11) in base 12?
-50a96
What is -112303302 (base 4) in base 12?
-46096
What is 204100301 (base 6) in base 9?
6615731
What is 20254101 (base 6) in base 13?
175372
-120326664 (base 7) to base 10
-7469508
Convert -1000010111020 (base 3) to base 11.
-335211
Convert 12021120222 (base 3) to base 10.
103949
What is 11186704 (base 9) in base 16?
52de6c
What is 919707 (base 10) in base 5?
213412312
510db (base 15) to base 6
5300242
Convert 53460 (base 11) to base 15.
18083
Convert -1032722 (base 8) to base 10.
-275922
-222424 (base 7) to base 9
-58834
Convert -252224 (base 6) to base 2.
-101100000011000
What is 110133122 (base 4) in base 14?
22830
What is 10130018 (base 10) in base 16?
9a9262
-24230453 (base 6) to base 8
-2730241
27452315 (base 8) to base 7
103355411
Convert 1630677 (base 9) to base 13.
2594a4
What is -fe59 (base 16) in base 14?
-19a2d
What is 33761 (base 9) in base 6?
252044
What is -21332210 (base 4) in base 16?
-9fa4
Convert -1d225b5 (base 14) to base 16.
-ded9a3
Convert -145344340 (base 6) to base 13.
-832a2b
Convert 5a16 (base 14) to base 5.
1000300